me factors of 3458907?
3, 71, 5413
List the prime factors of 104232.
2, 3, 43, 101
What are the prime factors of 3419356?
2, 619, 1381
List the prime factors of 506495.
5, 11, 9209
What are the prime factors of 38619?
3, 7, 613
What are the prime factors of 701334?
2, 3, 47, 829
What are the prime factors of 732642?
2, 3, 23, 5309
What are the prime factors of 6516898?
2, 3258449
List the prime factors of 7970582.
2, 887, 4493
What are the prime factors of 11486803?
181, 63463
List the prime factors of 13050854.
2, 6525427
What are the prime factors of 131211?
3, 61, 239
List the prime factors of 2524422.
2, 3, 420737
What are the prime factors of 936570?
2, 3, 5, 31219
What are the prime factors of 13227?
3, 4409
List the prime factors of 70431.
3, 17, 1381
What are the prime factors of 238681?
238681
List the prime factors of 42558817.
7, 1117, 5443
What are the prime factors of 3165892?
2, 791473
List the prime factors of 27384508.
2, 67, 102181
List the prime factors of 97208.
2, 29, 419
What are the prime factors of 500928?
2, 3, 2609
What are the prime factors of 7104194?
2, 23, 154439
List the prime factors of 772928.
2, 13, 929
List the prime factors of 80144.
2, 5009
What are the prime factors of 593536?
2, 4637
What are the prime factors of 533873?
37, 47, 307
List the prime factors of 351528.
2, 3, 97, 151
What are the prime factors of 636210?
2, 3, 5, 7069
List the prime factors of 2947704.
2, 3, 263, 467
List the prime factors of 3246489.
3, 137, 2633
What are the prime factors of 130283?
19, 6857
List the prime factors of 3797952.
2, 3, 131, 151
What are the prime factors of 629875?
5, 5039
What are the prime factors of 1620619?
7, 11, 13, 1619
What are the prime factors of 1157495?
5, 181, 1279
List the prime factors of 1452785.
5, 290557
List the prime factors of 18242889.
3, 7, 563, 1543
What are the prime factors of 12264218?
2, 6132109
What are the prime factors of 47917?
47917
List the prime factors of 77987.
7, 13, 857
What are the prime factors of 190803?
3, 63601
What are the prime factors of 3391585?
5, 17, 39901
List the prime factors of 1190285.
5, 101, 2357
List the prime factors of 402934.
2, 7, 17, 1693
What are the prime factors of 23991?
3, 11, 727
List the prime factors of 341320.
2, 5, 7, 23, 53
What are the prime factors of 472752?
2, 3, 7, 67
What are the prime factors of 5207988?
2, 3, 43, 10093
List the prime factors of 1006344.
2, 3, 1553
What are the prime factors of 1007383?
13, 77491
What are the prime factors of 2808888?
2, 3, 117037
What are the prime factors of 85360?
2, 5, 11, 97
What are the prime factors of 230781?
3, 43, 1789
List the prime factors of 233804.
2, 58451
List the prime factors of 2706027.
3, 902009
What are the prime factors of 557026?
2, 41, 6793
List the prime factors of 26926.
2, 13463
What are the prime factors of 12854744?
2, 7, 229549
List the prime factors of 11586276.
2, 3, 13, 19, 1303
What are the prime factors of 8848979?
127, 69677
List the prime factors of 554901.
3, 184967
What are the prime factors of 9195752?
2, 1149469
What are the prime factors of 235179?
3, 7, 3733
List the prime factors of 23970399.
3, 1567, 5099
What are the prime factors of 16822005?
3, 5, 47, 107, 223
What are the prime factors of 120466?
2, 29, 31, 67
List the prime factors of 7700267.
59, 130513
List the prime factors of 3507669.
3, 11, 3221
What are the prime factors of 443542?
2, 11, 20161
List the prime factors of 7786439.
181, 43019
What are the prime factors of 1468859?
7, 209837
What are the prime factors of 192227?
7, 3923
What are the prime factors of 439251?
3, 146417
What are the prime factors of 14551379?
71, 311, 659
List the prime factors of 11174016.
2, 3, 7, 4157
List the prime factors of 9735546.
2, 3, 1622591
List the prime factors of 17214.
2, 3, 19, 151
List the prime factors of 1133883.
3, 17, 7411
What are the prime factors of 131798?
2, 65899
What are the prime factors of 50696?
2, 6337
List the prime factors of 3031306.
2, 173, 8761
List the prime factors of 15100096.
2, 11, 89, 241
List the prime factors of 15180292.
2, 3795073
List the prime factors of 240358.
2, 47, 2557
List the prime factors of 34027.
7, 4861
List the prime factors of 556233.
3, 31, 5981
What are the prime factors of 96607?
7, 37, 373
List the prime factors of 1256268.
2, 3, 13, 8053
What are the prime factors of 620925?
3, 5, 17, 487
What are the prime factors of 459523?
459523
What are the prime factors of 7217522?
2, 13, 277597
What are the prime factors of 1091943?
3, 121327
What are the prime factors of 168094?
2, 84047
List the prime factors of 200542.
2, 100271
What are the prime factors of 4596225?
3, 5, 61283
What are the prime factors of 2276953?
7, 239, 1361
What are the prime factors of 146678?
2, 7, 10477
What are the prime factors of 725460?
2, 3, 5, 107, 113
List the prime factors of 1396726.
2, 43, 109, 149
What are the prime factors of 18940941?
3, 17, 43, 2879
List the prime factors of 128608.
2, 4019
What are the prime factors of 44748?
2, 3, 11, 113
List the prime factors of 949150.
2, 5, 41, 463
What are the prime factors of 18250886?
2, 937, 9739
What are the prime factors of 4563908?
2, 877, 1301
List the prime factors of 3626469.
3, 7, 11, 5233
What are the prime factors of 1559371?
11, 141761
List the prime factors of 2618496.
2, 3, 2273
List the prime factors of 4456220.
2, 5, 181, 1231
What are the prime factors of 555752?
2, 127, 547
What are the prime factors of 1497189?
3, 499063
What are the prime factors of 577747?
31, 18637
List the prime factors of 947379.
3, 47, 6719
What are the prime factors of 23644401?
3, 11, 349, 2053
What are the prime factors of 2350494?
2, 3, 67, 1949
What are the prime factors of 3077945?
5, 13, 47353
What are the prime factors of 315099?
3, 157, 223
What are the prime factors of 227247?
3, 211, 359
What are the prime factors of 10033768?
2, 29, 61, 709
What are the prime factors of 3235287?
3, 11, 17, 73, 79
What are the prime factors of 56044?
2, 14011
What are the prime factors of 84626?
2, 17, 19, 131
List the prime factors of 2726024.
2, 7, 48679
List the prime factors of 186498.
2, 3, 13, 797
What are the prime factors of 359288?
2, 97, 463
What are the prime factors of 2034686?
2, 487, 2089
List the prime factors of 614030.
2, 5, 61403
What are the prime factors of 3132396?
2, 3, 87011
List the prime factors of 147252.
2, 3, 7, 1753
What are the prime factors of 1488272?
2, 191, 487
List the prime factors of 14234755.
5, 2846951
What are the prime factors of 261008?
2, 11, 1483
What are the prime factors of 453639?
3, 151213
What are the prime factors of 2107139?
277, 7607
List the prime factors of 28671420.
2, 3, 5, 477857
What are the prime factors of 485272?
2, 60659
What are the prime factors of 8291617?
83, 283, 353
What are the prime factors of 75987?
3, 8443
What are the prime factors of 4503440?
2, 5, 41, 1373
What are the prime factors of 4115777?
31, 103, 1289
List the prime factors of 667249.
11, 60659
List the prime factors of 59982.
2, 3, 13, 769
What are the prime factors of 2993272?
2, 374159
What are the prime factors of 2399983?
2399983
List the prime factors of 52809.
3, 29, 607
What are the prime factors of 528072?
2, 3, 22003
What are the prime factors of 10982689?
89, 123401
What are the prime factors of 3094144?
2, 23, 1051
List the prime factors of 207836.
2, 223, 233
What are the prime factors of 12791018?
2, 6395509
What are the prime factors of 3120660?
2, 3, 5, 5779
List the prime factors of 293299.
37, 7927
What are the prime factors of 226884?
2, 3, 7, 37, 73
What are the prime factors of 2931258?
2, 3, 11, 23, 1931
What are the prime factors of 859359?
3, 286453
List the prime factors of 1735542.
2, 3, 96419
What are the prime factors of 542709?
3, 47, 1283
List the prime factors of 12055690.
2, 5, 19, 107, 593
What are the prime factors of 622160?
2, 5, 7, 11, 101
List the prime factors of 22142666.
2, 7, 13, 89, 1367
List the prime factors of 379127.
7, 41, 1321
What are the prime factors of 283185?
3, 5, 7, 29, 31
List the prime factors of 195745.
5, 11, 3559
What are the prime factors of 7318?
2, 3659
List the prime factors of 5020175.
5, 200807
List the prime factors of 7017889.
17, 53, 7789